(-3 + 4 + 3 + 0).
-1
Calculate 6 + (-9 - (-5 - -3)) + 3.
2
What is the value of 2 + -2 + 0 - (-2 - -8)?
-6
What is 0 - (13 + -3 + -3)?
-7
What is (-3 - (-5 + 1)) + -2?
-1
Evaluate 8 + (1 - -2 - (5 + 1)).
5
Evaluate (-10 - -9) + (-1 - -3) + -2.
-1
What is the value of 2 + (-1 - (-1 - -8))?
-6
What is -4 + (-2 + 5 - 5)?
-6
Evaluate (3 - (-9 - -14)) + 7 + -2.
3
(-4 - (2 - 7 - -1)) + -2
-2
Calculate -3 - (1 - -1) - -9.
4
-6 + -9 + 6 + 7
-2
Calculate (2 - (-1 - -7)) + 3 - 5.
-6
0 - ((-7 - -7) + (-6 - -13))
-7
Calculate 8 - (7 - 13 - -32 - 8).
-10
3 + 1 + -4 + 1
1
What is the value of -4 + 5 + 3 - 11?
-7
What is 1 - ((7 - 8) + (-1 - 1))?
4
Calculate 0 - (-3 - 4) - 2.
5
Evaluate (-2 + -1 - -3) + -2.
-2
Evaluate (-3 - 5) + 1 + 2.
-5
Calculate (-5 - (0 - -1)) + 11.
5
0 - (-3 + (9 - 4))
-2
-33 - -39 - (14 + 1)
-9
(-1 - (-2 - -9)) + (16 - 15)
-7
2 - 0 - (-15 + 13 - 1)
5
Calculate (-1 - 0) + (-8 - (3 + -7)).
-5
-4 - (-3 - (-3 - 3))
-7
What is the value of 1 - (4 - (8 - 0))?
5
Evaluate 2 + -3 + 3 + -6.
-4
10 + (1 - 2 - -5) + -8
6
-2 + 13 - (79 + -74)
6
What is 1 + (5 - 5) + -4 - -2?
-1
What is the value of -4 + -3 + 12 + -11?
-6
What is the value of 2 + (3 - (4 - (2 - 0)))?
3
Evaluate -39 + 41 + -1 + -7.
-6
What is the value of 4 - (3 + 2 + 4)?
-5
-6 + 12 + -10 - (-1 - 6)
3
5 + -5 + 0 + 10 + -7
3
Calculate -10 + -1 - (-176 + 166).
-1
(-14 - (-7 - -1)) + 7 + 5
4
Evaluate 1 + (-11 - -12) - 4.
-2
(0 - -5 - 0) + 0
5
Evaluate 8 - (-1 - (-4 + -3)).
2
What is the value of 1 - ((-2 - 1) + 2)?
2
Evaluate 3 + (0 - 3 - (10 + -10)).
0
Calculate -3 + (4 - 1) + -21 + 16.
-5
What is (6 - 2) + -2 + 0 - 3?
-1
What is the value of 4 + 0 + -3 + (-3 - 0)?
-2
3 + -4 - -4 - (5 + -2)
0
What is the value of -1 - -4 - (-6 + 5 + -1)?
5
-2 + -3 - (-7 - (-2 - 4))
-4
What is the value of 4 - (-2 + 5 + -8 + 4)?
5
What is 1 + -1 + (-2 - -5)?
3
Evaluate 3 - (1 + 3) - 0.
-1
-2 - -5 - 2 - 1 - -5
5
Calculate 3 + (1 - (1 - 3) - 2).
4
What is the value of 7 + (-3 - (-2 + 3))?
3
Calculate -9 + 11 - (2 - 1) - -3.
4
Evaluate (-5 - -7) + 7 - 6.
3
What is the value of -1 + -3 + (-1 + 0 - -3)?
-2
Calculate -1 + (-3 - (0 + 1)).
-5
What is the value of -2 - (-11 - (3 + -7 + 1))?
6
What is the value of 7 + -12 + 5 - 2?
-2
What is the value of 2 + -2 + -8 + 12 + -6?
-2
What is (0 - (3 + -11)) + -2 + -2?
4
What is the value of 9 + (-5 - (-2 - 1)) + -4?
3
What is the value of (0 - 0) + 4 - (17 - 15)?
2
Evaluate (0 - (-5 - 3)) + -4.
4
-3 + -2 + 5 + (-1 - 1)
-2
8 + -6 - 2 - -3
3
What is -180 + 175 + (-2 + 0 - -1)?
-6
Evaluate 3 - ((-3 - -1) + 7 + -2).
0
What is the value of 3 - (0 - 3 - -8)?
-2
Calculate 5 - ((14 - 9) + -5).
5
What is the value of (5 - 0) + (-6 - 1) + 8?
6
Calculate -10 + 6 - 0 - (-5 - 2).
3
(4 - (0 + 1)) + (0 - -2)
5
-5 - (-4 - (-3 + -1))
-5
What is the value of 1 + -3 - (2 - 2)?
-2
Evaluate -23 + (23 - -2 - 11).
-9
What is the value of (-7 - -4) + 0 - (-1 - 2)?
0
Calculate 2 + (-2 - 0) + 13 + -9.
4
Calculate 1 + 2 + (-6 - (-6 + 0)).
3
What is the value of -20 - -11 - -15 - 4?
2
What is -1 - 0 - -10 - (3 - -1)?
5
-2 + 7 - (2 - 0)
3
3 + (-7 - (-6 + 1))
1
Evaluate -9 - (0 - 4) - (1 + -5).
-1
Calculate 8 - 0 - (13 - 8).
3
Calculate 6 + (-6 - (2 - 0)) + -1.
-3
7 + -3 + 3 + -1 + -1
5
(2 - 1 - (33 - 34)) + -4
-2
What is the value of (-6 - -1) + (0 - (9 - 4))?
-10
Evaluate (7 - (-1 + 0)) + (8 - 13).
3
-6 + (4 + -12 - -10)
-4
4 + (3 - (4 - 0))
3
(1 - 0) + (-11 - -13) + -2
1
Evaluate -9 + 13 + (-3 - (-4 - -1)).
4
What is the value of -14 - -7 - -12 - (-3 + 4)?
4
-2 + 12 + -6 + -8
-4
Calculate 6 + -7 + 3 - (-1 - -7).
-4
Calculate 25 + -24 - (2 - 1 - 0).
0
What is -4 + -1 - (-10 + 18 + -18)?
5
What is 9 + (6 - (11 + 6))?
-2
Evaluate 2 + -7 + (-2 - -4) - 4.
-7
4 - (-1 + 2) - (-8 - -8)
3
Evaluate -6 + 2 - (54 + -63).
5
Evaluate 9 - (9 - 4 - -5).
-1
Evaluate -4 + 5 + -1 + 0.
0
6 + (3 - 8) - 6
-5
Evaluate 9 - 14 - (-5 - -1).
-1
-5 + 0 - (26 + -35) - 3
1
4 + -7 + (12 - 7) + -5
-3
Evaluate 28 + -28 - (4 + 0 + 0).
-4
(1 - -1) + -18 + 15 + -6
-7
Evaluate -1 + -2 + 2 + 0.
-1
Evaluate 4 + -1 + 3 + -4 + 1.
3
Calculate 1 + -3 + 4 - 7.
-5
What is the value of (0 - -6) + 1 + -5 + 2?
4
Evaluate 3 + (0 - (6 + -3)).
0
Evaluate 10 - (-2 + (-5 - -5) - -3).
9
Calculate -5 + -3 + 2 + (0 - -2).
-4
Evaluate -11 + -3 + 1 + 8 - 0.
-5
Calculate -4 + 6 + (-7 - -1).
-4
Calculate -3 - (-33 + 29 + -1 + 0).
2
Calculate 2 - (-10 + 5 + 0).
7
Calculate -5 + 9 - (0 + -1).
5
What is the value of 0 - 1 - -6 - (1 - 1)?
5
Evaluate (-13 - (3 + -9)) + 3.
-4
Evaluate (-16 - (-12 + -3)) + 4.
3
Evaluate 0 + (2 - -3) + -4 + -10.
-9
-4 - (-1 - -3 - 3) - -6
3
0 + -3 - (-9 - -11) - -8
3
What is the value of 6 + 2 + -4 - (-15 - -23)?
-4
Calculate 8 + -13 + 1 + 0 + 1.
-3
Evaluate 2 - 5 - (1 + -7) - 7.
-4
What is -3 + 1 + 2 + -1 + -4?
-5
-6 + (-5 - -10) + (1 - 0)
0
Evaluate 0 + -2 + 2 + (3 - -2).
5
Calculate -3 - (6 + -3 + -5) - -5.
4
Calculate 6 + (-10 - (-17 - -8)).
5
Evaluate 11 - 5 - -3 - 3.
6
What is 1 + (-1 - (-2 - -3))?
-1
45 - 39 - (0 - -2)
4
Evaluate -20 + (-5 - -4 - -12).
-9
Calculate -113 + 106 - (-1 - 5).
-1
What is (-7 - -3 - -12) + -6?
2
Calculate (3 - 1) + 9 + -7.
4
Calculate -8 - (-10 - 7) - 14.
-5
What is (-17 - -13) + (-2 - (1 + -3))?
-4
What is -1 - (6 + (-1 - 3) - 7)?
4
What is 4 + (-11 - (-1 + -5))?
-1
Calculate (3 - 3) + 4 - (7 + -3).
0
What is 2 + (0 - (-6 - -16) - -8)?
0
What is the value of -6 - 3 - (-2 + -2 - 1)?
-4
Evaluate -7 + -1 - -2 - -4.
-2
Calculate 0 - -5 - 3 - 6.
-4
What is the value of (3 - (13 - 18)) + -15 + 1?
-6
Evaluate -2 + 0 + 18 - (-1 + 6).
11
What is 2 - (0 - (-1 - -1)) - 6?
-4
12 + 6 + (-3 - 6) + -3
6
Evaluate 5 - (3 + 0 - (-1 + 1)).
2
Calculate (14 + 7 + -14 - 2) + 1.
6
What is the value of 3 - (1 - -4 - -5) - -5?
-2
(3 + -5 - (-3 - -6)) + -1
-6
What is (4 - (-6 - -9)) + (-7 - 0)?
-6
What is 1 + 2 - (-5 - -12)?
-4
3 + (-9 - (-7 + 4))
-3
-1 + -6 - (-22 - -6 - -11)
-2
Evaluate -37 + 41 - (-1 + -1).
6
Evaluate (6 - (4 + 0) - -1) + 2.
5
What is 0 + (1 - -1) - (-3 - -2)?
3
Calculate -3 + (11 - -3 - (-5 - -12)).
4
What is 1 - (-5 + (-1 - (-4 - -2)))?
5
-7 + 8 + 0 - 1
0
Calculate 6 + (1 + (-2 - -1) - 5).
1
Evaluate 3 + (-4 + 6 - 2).
3
Calculate -2 - (2 + 0 + -4).
0
(-9 - (-12 + 4)) + -2 + 3
0
What is the value of (-12 - 0) + 4 - -4?
-4
Calculate 7 + (-4 - 0) - (-3 - -4).
2
Evaluate -7 - -2 - (8 + -10).
-3
Calculate -6 - ((2 - -1) + -4) - -4.
-1
What is the value of (-1 - -2) + -4 - 3 - -6?
0
Calculate -8 - -27 - (-5 + 16).
8
Evaluate (19 - 27) + (0 - -7).
-1
Evaluate (-2 + -10 + 5 - -8) + -7.
-6
What is -6 + (-1 - -2 - -2) + 8?
5
What is the value of 3 + (-8 - (0 - (4 - 2)))?
-3
4 + -4 - (-7 - -10)
-3
-7 + (3 - -1) + 0 + -2
-5
(9 - 7) + -3 - 0
-1
Calculate 3 - -2 - (7 - 3).
1
Calculate -11 + 1 + 5 + 6.
1
Calculate -74 + 77 - (-1 - -1 - 4).
7
What is 7 + 0 + 0 + -1 + -3?
3
-1 + 1 + -4 - (26 - 28)
-2
4 - (-1 + -2 - (-33 + 32))
6
Evaluate -139 - -149 - (-1 + 3).
8
Calculate (2 - 13) + 21 + -3.
7
Evaluate 2 + -1 - (3 + (-1 - 1)).
0
Evaluate (-7 - (-1 + 1)) + 6.
-1
Evaluate 9 + -6 - (-1 + 8).
-4
Evaluate 8 + -4 + 2 + -4.
2
Calculate 2 - (-9 + 4 + 5).
2
1 + (4 + -2 - 6)
-3
What is the value of -22 + 26 - (2 - 2) - -3?
7
Calculate (-19 - -13) + 12 + -1 + 2.
7
What is 1 + (-2 - 1 - (-17 + 14))?
1
What is 5 + (4 - 7 - -5 - 3)?
4
What is the value of 3 - 7 - (4 + -14)?
6
What is 0 + 1 - -4 - 1?
4
What is the value of 4 + 1 + 0 + (-4 - 5)?
-4
What is the value of -1 + (-1 - (-2 - 1))?
1
0 + 7 + 0 + (3 - 2)
8
Calculate (10 - 5) + -4 + -5.
-4
What is 4 + 6 + -13 + 5?
2
Evaluate 1 + 7 - (0 + 1 + 6).
1
Evaluate (6 - (-5 + 5)) + -6 - 7.
-7
What is (-2 - -5 - (1 + 1)) + 4?
5
Evaluate -7 - (-7 + 4) - (-6 - -2).
0
Evaluate -4 + 8 + 4 + -9.
-1
Evaluate -30 - -28 - (7 + -2 + -2).
-5
Calculate (-9 - (3 - 7)) + 6.
1
(0 - (8 + -6)) + 3 + -2
-1
Evaluate 6 + -4 + -7 - (4 - 4).
-5
Evaluate (5 - (7 + -5)) + -1.
2
Calculate 4 - (0 - 0) - (-742 - -741).
5
What is -8 + (-1 - -9) - -3?
3
7 + -3 + (-5 - (-7 - -15))
-9
What is 2 - (4 - 3 - -7)?
-6
-13 + -6 - -8 - (-5 + 1)
-7
Evaluate -4 + 3 + 0 - (-2 + -2).
3
Evaluate 4 - (0 + (1 - 2)).
5
Evaluate -10 + 12 + (-4 - -2).
0
-2 + -3 + (0 - 0)
-5
Calculate 6 - (-6 - (-9 + 0)).
3
1 + (2 - 3) + 1
1
What is the value of -1 + (19 - 9) + -9?
0
Evaluate -5 + (13 - 2 - 8).
-2
Evaluate -13 + 12 + 11 + 